-4) + 2/8. Give p(f).
-3
Let u(t) = -t**3 + 4*t**2. Let w = 4 + 2. Suppose -3*a - 3*r + 0 = -15, -25 = -3*a - 5*r. Suppose w = 3*q - a. What is u(q)?
8
Let o(s) = -20 + 4*s + 1 + 0 - 38. Let b be o(14). Let y(x) = 2*x**2 - 1. Give y(b).
1
Let v(l) = l**2 - 1. Let q(r) = 5*r**2 + 7*r - 9. Let i(k) = q(k) - 4*v(k). Let c be ((-2)/(-2))/((-17)/119). What is i(c)?
-5
Let p = 106 - 111. Let m(z) = z**2 + 5*z. Let k be m(p). Let l(n) = -n**2 + n - 6. Determine l(k).
-6
Let h(a) = -a - 11. Suppose -l + 0 - 1 = 0. Let f be (-1 - l)/(2/(-2)). Let q be 1*(-1 - f)*0. Give h(q).
-11
Let a(t) be the third derivative of t**5/60 - 5*t**4/24 - t**3/2 + t**2. Suppose 0 = -5*j + 4*g, 0*j - 2*g + 18 = 2*j. Calculate a(j).
-7
Let j(m) = 6 + m**3 + 0*m**2 - 4*m**2 - 1 - 5*m. Suppose -4*r + 91 = -13. Suppose -4*q - 26 = -2*a, 0 = 4*a - q + 2 - r. Calculate j(a).
5
Suppose -5*x = 2*d + 6, -4*d - x + 8 = d. Suppose 0*j + 37 = 4*j + c, -d*c = -3*j + 14. Let m be (j/(-6))/((-6)/(-18)). Let y(l) = l**2 + 5*l + 4. What is y(m)?
0
Let y(o) be the first derivative of -o**3/3 + 3*o**2/2 - o - 1694. Let n = -14 - -20. Let q be (4/n)/(2/6). Determine y(q).
1
Let d be (-4)/(-10) + (-4)/10. Suppose d*v - 4 = 2*v. Let g(x) = -13 - 2*x**2 - 13 + 24 - x - x**3. Calculate g(v).
0
Let y(k) = 4*k + 3. Suppose -11*q = 5*t - 10*q - 24, -5*q + 12 = -2*t. Determine y(t).
19
Let r(t) = 10*t**3 + 3*t**2 - t - 7. Let l(o) = 28*o**3 + 7*o**2 - 2*o - 20. Let p(a) = -4*l(a) + 11*r(a). Give p(3).
-15
Let v(u) = -2*u**3 + 2*u - 1. Let w = -29 - -33. Let y be (-2 + w)*(-1)/(-2). Give v(y).
-1
Let f(o) = 2*o + 5. Suppose 12*v - 48 = 14*v. Let x be v/60 + 28/(-5). Calculate f(x).
-7
Suppose -4*j = 5*q - 26, -9*j + 12*j - 14 = -q. Let w(n) = -n**2 + 4*n - 6. Determine w(j).
-6
Let u be 86/(-10) + 10/(-25). Let t(d) = d. Let l(x) = 4*x + 11. Let f(y) = l(y) - 3*t(y). Calculate f(u).
2
Suppose 2*b = -a - 15, 5*a + 2*b + 20 = 3*a. Let y(k) = k**3 + 4*k - 7 - 15*k**2 - 14*k**2 + 35*k**2. Give y(a).
-2
Let o(b) be the second derivative of 5*b**4/12 - b**3/6 + b. Let n = -7254 - -7255. Calculate o(n).
4
Let s(r) = 2 + 2*r**2 + 1 - 6*r - r**2. Let a(j) = 35 + 8*j - 2*j + 6*j - 9*j. Let k be a(-10). Determine s(k).
-2
Let m(f) = -13*f - 1. Let r be (0/(4 - 2))/(-1 + 2). Suppose -5*j - o + 1 + 8 = 0, r = 4*j - 3*o + 8. What is m(j)?
-14
Let m(o) = o**2 - 12*o + 5. Suppose -70 = -9*x + 20. Give m(x).
-15
Let w(i) = 1236 - i**2 - 6*i - i - 621 - 619. Calculate w(-5).
6
Let j = 4 - 2. Let m(l) be the first derivative of -9*l**2 + 13*l**j + 3*l + 0*l + 6 - 6*l**2. Calculate m(2).
-5
Let k(c) be the third derivative of c**5/30 - c**4/6 - 5*c**3/2 - 400*c**2. Give k(5).
15
Let q(g) = -15*g**2 + 3 - 30*g**2 - 17*g**2 + 61*g**2 + 7*g. Give q(7).
3
Let g(v) = -v**3 + 4*v**2 + 7*v + 5. Let h be g(-4). Let w = 429 - 433. Let l be 798/h + w/(-10). Let b(t) = -t**2 + 6*t + 9. What is b(l)?
-7
Suppose 232 = g + 3*g. Let q = g - 49. Let o(w) = -w + 11. Calculate o(q).
2
Let t(x) = -x**2 - 2*x - 1. Let q(m) = -m**2 - 3*m - 2. Suppose -2*y = 0, 0 = -2*a + 5*a - 5*y - 6. Let o(l) = a*t(l) - 3*q(l). Determine o(-5).
4
Let f(k) = -4*k**3 + 9*k**2 - 2*k + 12. Let r(d) = 11*d**3 - 26*d**2 + 5*d - 34. Let q(s) = -8*f(s) - 3*r(s). Calculate q(6).
12
Let m(g) be the second derivative of -20*g - 1/2*g**3 + 0 + 1/20*g**5 + 3*g**2 - 1/3*g**4. Give m(4).
-6
Let p = -81 + 88. Let w(q) = 3 + 11 - q + p - 19. Determine w(-8).
10
Let l(p) = -8*p - 3. Suppose 14 = -3*j - z - z, 5*z - 15 = 5*j. Calculate l(j).
29
Suppose -g + 2*g - 2 = 0. Let n(w) = -w - 2. Let t(k) be the second derivative of k**3/6 + k**2 + 16*k. Let b(u) = 5*n(u) + 4*t(u). Determine b(g).
-4
Let v(l) = 47*l + 3 - 48*l - 4. Let n be v(-3). Let s(p) = n - 1 + 0*p - 4*p + 3*p. Give s(-3).
4
Let r(z) = -6*z**2 - 4*z - 2. Let h = 2 + -5. Let k(g) = -18*g**2 - 11*g - 5. Let i(x) = h*k(x) + 8*r(x). What is i(1)?
6
Let y(r) be the first derivative of -2*r**3/3 + 7*r**2 - 12*r + 159. Calculate y(6).
0
Suppose -3 = -3*m - 3*i, 0 = 4*i - i + 3. Suppose -8*o + m = -30. Let j(s) = -s**2 + 6*s - 4. Calculate j(o).
4
Let k(v) = v**3 + 2*v**2 + v + 1. Let s(z) = z**2 + 8*z + 1. Let d be s(-5). Let o = -15 - d. Give k(o).
1
Suppose -4*i + 2*x + 2*x = 0, -2*x = i. Let z(t) = -t**2 + 2*t + 5. Let g be z(i). Let b(y) = -5*y - 12*y + y**2 + 17*y - 5*y + g. Calculate b(6).
11
Suppose 0 = -3*s - s + 24. Let q(g) = -g**3 + 6*g**2 + 8. Let y be q(s). Let a(d) = d**2 - 10*d + 10. Calculate a(y).
-6
Let u be (-12)/(-9)*(-72)/(-24). Let l(n) = 5*n - 12. Give l(u).
8
Let y be (-3 - 96/(-18)) + 1/(-3). Let n(k) = -26*k**y - 23*k**2 - 3 + 47*k**2 - k**3 + 2*k. Let r(g) = -2*g - 1. Let x be r(1). Calculate n(x).
0
Let t(s) = -s + 16. Let z be 1/(-2 - 2)*-52. Let u be t(z). Let k(v) = v**2 - 2*v - 1. Determine k(u).
2
Suppose -3*l = 4*k - 5, -2*k + 7*k - 5*l = 15. Let c(v) = 4 - 2*v**2 - 1 - 4 + 2*v + 0*v**2 - v**2. Determine c(k).
-9
Let j(p) = 2*p**2 + 7*p + 21. Let z(o) = -o**2 - 4*o - 10. Let r(d) = 3*j(d) + 7*z(d). Let b(w) = w**3 - w**2 - 2*w - 6. Let g be b(0). Determine r(g).
-1
Let y(c) = -2*c + 29. Let m(h) = -139*h - 957. Let d be m(-7). What is y(d)?
-3
Let f(s) be the third derivative of s**6/120 + s**5/15 + s**4/8 + s**3/2 - 7*s**2 + 6. Let y(q) = -2*q - 11. Let h be y(-4). Determine f(h).
3
Let b(r) = -28*r + 30. Let x(a) = 13*a - 14. Let v(h) = 6*b(h) + 13*x(h). Give v(4).
2
Let v(t) = -12*t + 1. Let u be (8 - (7 - 5)) + -4. Calculate v(u).
-23
Let x(y) = -y**2 - 17*y + 4. Suppose -3*n = 6*t - 5*t + 54, 0 = -3*t. Give x(n).
-14
Let g(q) be the third derivative of 0 + 0*q + 5/3*q**3 + 1/8*q**4 - 3*q**2. Let h be g(-5). Let b(t) = 4*t + 3. Give b(h).
-17
Let x(d) = -20*d + 74*d - 3 - 60*d. Determine x(-3).
15
Let n be (-6)/12 + (-21)/2. Let y = n + 15. Let c(k) = k**2 - 2*k - 5. Calculate c(y).
3
Let n(z) be the second derivative of -z**6/360 + z**5/24 + 5*z**4/24 + z**3/6 + 8*z. Let g(w) be the second derivative of n(w). What is g(5)?
5
Suppose -62 = 3*q + 16. Let w be 5/30 - q/(-12). Let k(b) = -b**3 + 4*b + 3. Determine k(w).
3
Let h(x) be the third derivative of x**6/120 + x**5/6 - x**4/8 - x**2 - 2*x. What is h(-10)?
30
Let f(a) be the first derivative of 3*a**2 - 1 - 4*a**2 + 2 + 5*a - 6. Suppose 4*q + 4*w = 28, 5*q + 4*w = 32 + 1. Give f(q).
-5
Let q(x) = -10*x - x + 3*x + 0*x + 0*x. Suppose 2*m - 4 = 4*m. Let o be m + 0 - -1 - 0. Calculate q(o).
8
Let d(a) = -a**2 - 5*a + 4. Suppose 2*g + 0*g = -g. Suppose m + m - p = -10, 4*m + 3*p = g. Determine d(m).
10
Suppose y = -2*y + 15. Let b(w) = -2*w**3 + 4*w**2 - 23*w + 19*w + 1 + 5*w + w**3. Calculate b(y).
-19
Let z(c) = 2*c - 32*c**3 - 1 + 4*c**2 + c**2 + 0*c**2 - 2*c**2 + 34*c**3. What is z(-2)?
-9
Let t(k) = k**2 - 7*k + 3. Let r(j) = 2*j**2 - 13*j + 4. Let p(b) = 4*r(b) - 7*t(b). What is p(-4)?
23
Let r(t) = -5*t - 2*t - 3015 + 3017 + 5*t. Calculate r(-2).
6
Let g(b) = -b**3 + 10*b**2 - 11*b + 2. Suppose 5*i - 86 + 29 = 4*f, f = 3*i - 30. What is g(i)?
-16
Let i = 23 + -20. Let g(v) be the second derivative of v**3/2 + 3*v**2/2 - 83*v. Determine g(i).
12
Let i(x) = -2*x - 1. Let b be i(-3). Let n(o) = -10*o + b*o + 4*o + 4*o + 1. What is n(2)?
7
Let q(c) = -c**3 + 5*c**2 - 2*c + 4. Suppose -8*a + 21 = 5. Let g be 6 - (5 - a)*3/9. Determine q(g).
-6
Let p(d) = -d**2 + 5*d - 2. Let z(c) = c**2 - 5*c + 2. Let k be (-4)/(-6) + (-51)/9. Let v(x) = k*p(x) - 4*z(x). Calculate v(4).
-2
Let d be 7*((-15)/(-7) + -2). Let j be d/(4/(0 + 12)). Let f(p) = 3*p**2 - 5*p - 4 + p**2 - 3*p**2. Calculate f(j).
-10
Let k(p) = -2*p + 7. Let u(w) = w**2 + 3*w + 3. Let z be u(2). Suppose 50 = z*g - 15. Calculate k(g).
-3
Let j(k) be the second derivative of k**3/2 - 3*k**2/2 - 65*k. Let w(x) = x - 3. Let l be w(0). What is j(l)?
-12
Suppose 0 = -3*y + 1 + 5. Let q = y + 1. Suppose -5*u = -5*w - 20, 4*u = -q + 11. Let t(h) = -4*h - 3. Give t(w).
5
Let f(o) be the third derivative of -o**4/24 + 13*o**3/2 - 4*o**2 - 14*o. Determine f(0).
39
Let i = 1 + -1. Let x = i + -2. Let f(o) = -o + 7. Let k(n) = 6. Let l(t) = -5*f(t) + 6*k(t). Give l(x).
-9
Let q(k) be the third derivative of k**4/24 - 7*k**3/3 - 4*k**2 - 12. Determine q(11).
-3
Let c(z) be the first derivative of -3*z - 5 + z**2 + 1/3*z**3. Calculate c(-3).
0
Let n(l) = -55*l - 325. Let d be n(-6